{"id":1195,"date":"2024-11-17T14:29:36","date_gmt":"2024-11-17T11:29:36","guid":{"rendered":"https:\/\/sefedu.com.tr\/?post_type=product&#038;p=1195"},"modified":"2024-11-18T22:46:37","modified_gmt":"2024-11-18T19:46:37","slug":"3-aylik-python-kampi","status":"publish","type":"product","link":"https:\/\/sefedu.com.tr\/index.php\/urun\/3-aylik-python-kampi\/","title":{"rendered":"3 Ayl\u0131k Python Kamp\u0131 (10-17 ya\u015f)"},"content":{"rendered":"<p>Bu kurs, \u00e7ocuklar ve gen\u00e7ler i\u00e7in programlamaya e\u011flenceli ve anla\u015f\u0131l\u0131r bir giri\u015f sunuyor. <strong>Python<\/strong> programlama dili, basit ve g\u00fc\u00e7l\u00fc yap\u0131s\u0131yla teknolojiye ad\u0131m atmak isteyen herkes i\u00e7in ideal! \ud83d\ude80<\/p>\n<h3><strong>Kurs \u0130\u00e7eri\u011fi:<\/strong><\/h3>\n<ul>\n<li><strong>Python Temelleri<\/strong>: De\u011fi\u015fkenler, veri tipleri ve temel komutlar ile kodlamaya giri\u015f. \ud83e\udde9<\/li>\n<li><strong>Ko\u015ful \u0130fadeleri (If-Else)<\/strong>: Programlar\u0131n mant\u0131ksal ak\u0131\u015f\u0131n\u0131 nas\u0131l kontrol ederiz? \ud83d\udca1<\/li>\n<li><strong>D\u00f6ng\u00fcler (For ve While)<\/strong>: Tekrar eden i\u015flemleri kolayca ger\u00e7ekle\u015ftirme.<\/li>\n<li><strong>Fonksiyonlar<\/strong>: Kodunuzu d\u00fczenli ve temiz yazman\u0131n yollar\u0131.<\/li>\n<li><strong>Listeler ve Diziler<\/strong>: Verileri saklama ve y\u00f6netme.<\/li>\n<li><strong>Projeler<\/strong>: Kendi oyunlar\u0131n\u0131z\u0131 ve uygulamalar\u0131n\u0131z\u0131 kodlayarak Python\u2019u \u00f6\u011frenin! \ud83c\udfae<\/li>\n<\/ul>\n<h3><strong>Kimler Kat\u0131lmal\u0131?<\/strong><\/h3>\n<ul>\n<li>10-18 ya\u015f aras\u0131 teknolojiye merakl\u0131 \u00e7ocuklar ve gen\u00e7ler.<\/li>\n<li>Kodlamaya yeni ba\u015flayanlar i\u00e7in ideal! \ud83d\udc69\u200d\ud83d\udcbb\ud83d\udc68\u200d\ud83d\udcbb<\/li>\n<\/ul>\n<p><strong>Neden Python?<\/strong><br \/>\nPython, hem basit yap\u0131s\u0131 hem de geni\u015f kullan\u0131m alanlar\u0131yla t\u00fcm d\u00fcnyada tercih edilen bir programlama dilidir. Oyun geli\u015ftirme, veri analizi, yapay zeka ve daha bir\u00e7ok alanda kullan\u0131lan Python&#8217;u \u00f6\u011frenmek, teknoloji d\u00fcnyas\u0131na g\u00fc\u00e7l\u00fc bir ad\u0131m atman\u0131z\u0131 sa\u011flar. \ud83c\udf93\u2728<\/p>\n<p>Python ile kodlama d\u00fcnyas\u0131na ad\u0131m at\u0131n ve kendi projelerinizi yaratmaya ba\u015flay\u0131n!<\/p>\n","protected":false},"excerpt":{"rendered":"<p>Bu kurs, \u00e7ocuklar ve gen\u00e7ler i\u00e7in programlamaya e\u011flenceli ve anla\u015f\u0131l\u0131r bir giri\u015f sunuyor. Python programlama dili, basit ve g\u00fc\u00e7l\u00fc yap\u0131s\u0131yla teknolojiye ad\u0131m atmak isteyen herkes i\u00e7in ideal! \ud83d\ude80 Kurs \u0130\u00e7eri\u011fi: Python Temelleri: De\u011fi\u015fkenler, veri tipleri ve temel komutlar ile kodlamaya giri\u015f. \ud83e\udde9 Ko\u015ful \u0130fadeleri (If-Else): Programlar\u0131n mant\u0131ksal ak\u0131\u015f\u0131n\u0131 nas\u0131l kontrol ederiz? \ud83d\udca1 D\u00f6ng\u00fcler (For ve [&hellip;]<\/p>\n","protected":false},"featured_media":1073,"comment_status":"open","ping_status":"closed","template":"","meta":[],"product_brand":[],"product_cat":[15],"product_tag":[],"class_list":{"0":"post-1195","1":"product","2":"type-product","3":"status-publish","4":"has-post-thumbnail","6":"product_cat-genel","8":"first","9":"instock","10":"sale","11":"taxable","12":"shipping-taxable","13":"purchasable","14":"product-type-simple"},"yoast_head":"<!-- This site is optimized with the Yoast SEO plugin v25.0 - https:\/\/yoast.com\/wordpress\/plugins\/seo\/ -->\n<title>3 Ayl\u0131k Python Kamp\u0131 (10-17 ya\u015f) - SEF Education<\/title>\n<meta name=\"robots\" content=\"index, follow, max-snippet:-1, max-image-preview:large, max-video-preview:-1\" \/>\n<link rel=\"canonical\" href=\"https:\/\/sefedu.com.tr\/index.php\/urun\/3-aylik-python-kampi\/\" \/>\n<meta property=\"og:locale\" content=\"tr_TR\" \/>\n<meta property=\"og:type\" content=\"article\" \/>\n<meta property=\"og:title\" content=\"3 Ayl\u0131k Python Kamp\u0131 (10-17 ya\u015f) - SEF Education\" \/>\n<meta property=\"og:description\" content=\"Bu kurs, \u00e7ocuklar ve gen\u00e7ler i\u00e7in programlamaya e\u011flenceli ve anla\u015f\u0131l\u0131r bir giri\u015f sunuyor. Python programlama dili, basit ve g\u00fc\u00e7l\u00fc yap\u0131s\u0131yla teknolojiye ad\u0131m atmak isteyen herkes i\u00e7in ideal! \ud83d\ude80 Kurs \u0130\u00e7eri\u011fi: Python Temelleri: De\u011fi\u015fkenler, veri tipleri ve temel komutlar ile kodlamaya giri\u015f. \ud83e\udde9 Ko\u015ful \u0130fadeleri (If-Else): Programlar\u0131n mant\u0131ksal ak\u0131\u015f\u0131n\u0131 nas\u0131l kontrol ederiz? \ud83d\udca1 D\u00f6ng\u00fcler (For ve [&hellip;]\" \/>\n<meta property=\"og:url\" content=\"https:\/\/sefedu.com.tr\/index.php\/urun\/3-aylik-python-kampi\/\" \/>\n<meta property=\"og:site_name\" content=\"SEF Education\" \/>\n<meta property=\"article:publisher\" content=\"https:\/\/www.facebook.com\/profile.php?id=61559411172122\" \/>\n<meta property=\"article:modified_time\" content=\"2024-11-18T19:46:37+00:00\" \/>\n<meta property=\"og:image\" content=\"https:\/\/sefedu.com.tr\/wp-content\/uploads\/2024\/09\/Python_Urun_Kapag.png\" \/>\n\t<meta property=\"og:image:width\" content=\"1080\" \/>\n\t<meta property=\"og:image:height\" content=\"1080\" \/>\n\t<meta property=\"og:image:type\" content=\"image\/png\" \/>\n<meta name=\"twitter:card\" content=\"summary_large_image\" \/>\n<meta name=\"twitter:label1\" content=\"Tahmini okuma s\u00fcresi\" \/>\n\t<meta name=\"twitter:data1\" content=\"2 dakika\" \/>\n<script type=\"application\/ld+json\" class=\"yoast-schema-graph\">{\"@context\":\"https:\/\/schema.org\",\"@graph\":[{\"@type\":\"WebPage\",\"@id\":\"https:\/\/sefedu.com.tr\/index.php\/urun\/3-aylik-python-kampi\/\",\"url\":\"https:\/\/sefedu.com.tr\/index.php\/urun\/3-aylik-python-kampi\/\",\"name\":\"3 Ayl\u0131k Python Kamp\u0131 (10-17 ya\u015f) - SEF Education\",\"isPartOf\":{\"@id\":\"https:\/\/sefedu.com.tr\/#website\"},\"primaryImageOfPage\":{\"@id\":\"https:\/\/sefedu.com.tr\/index.php\/urun\/3-aylik-python-kampi\/#primaryimage\"},\"image\":{\"@id\":\"https:\/\/sefedu.com.tr\/index.php\/urun\/3-aylik-python-kampi\/#primaryimage\"},\"thumbnailUrl\":\"https:\/\/sefedu.com.tr\/wp-content\/uploads\/2024\/09\/Python_Urun_Kapag.png\",\"datePublished\":\"2024-11-17T11:29:36+00:00\",\"dateModified\":\"2024-11-18T19:46:37+00:00\",\"breadcrumb\":{\"@id\":\"https:\/\/sefedu.com.tr\/index.php\/urun\/3-aylik-python-kampi\/#breadcrumb\"},\"inLanguage\":\"tr\",\"potentialAction\":[{\"@type\":\"ReadAction\",\"target\":[\"https:\/\/sefedu.com.tr\/index.php\/urun\/3-aylik-python-kampi\/\"]}]},{\"@type\":\"ImageObject\",\"inLanguage\":\"tr\",\"@id\":\"https:\/\/sefedu.com.tr\/index.php\/urun\/3-aylik-python-kampi\/#primaryimage\",\"url\":\"https:\/\/sefedu.com.tr\/wp-content\/uploads\/2024\/09\/Python_Urun_Kapag.png\",\"contentUrl\":\"https:\/\/sefedu.com.tr\/wp-content\/uploads\/2024\/09\/Python_Urun_Kapag.png\",\"width\":1080,\"height\":1080},{\"@type\":\"BreadcrumbList\",\"@id\":\"https:\/\/sefedu.com.tr\/index.php\/urun\/3-aylik-python-kampi\/#breadcrumb\",\"itemListElement\":[{\"@type\":\"ListItem\",\"position\":1,\"name\":\"Anasayfa\",\"item\":\"https:\/\/sefedu.com.tr\/\"},{\"@type\":\"ListItem\",\"position\":2,\"name\":\"Kurslar\",\"item\":\"https:\/\/sefedu.com.tr\/index.php\/kurslar\/\"},{\"@type\":\"ListItem\",\"position\":3,\"name\":\"3 Ayl\u0131k Python Kamp\u0131 (10-17 ya\u015f)\"}]},{\"@type\":\"WebSite\",\"@id\":\"https:\/\/sefedu.com.tr\/#website\",\"url\":\"https:\/\/sefedu.com.tr\/\",\"name\":\"SEF Education\",\"description\":\"\u00c7ocu\u011funuzu gelece\u011fe haz\u0131rlay\u0131n!\",\"publisher\":{\"@id\":\"https:\/\/sefedu.com.tr\/#organization\"},\"potentialAction\":[{\"@type\":\"SearchAction\",\"target\":{\"@type\":\"EntryPoint\",\"urlTemplate\":\"https:\/\/sefedu.com.tr\/?s={search_term_string}\"},\"query-input\":{\"@type\":\"PropertyValueSpecification\",\"valueRequired\":true,\"valueName\":\"search_term_string\"}}],\"inLanguage\":\"tr\"},{\"@type\":\"Organization\",\"@id\":\"https:\/\/sefedu.com.tr\/#organization\",\"name\":\"SEF Education\",\"url\":\"https:\/\/sefedu.com.tr\/\",\"logo\":{\"@type\":\"ImageObject\",\"inLanguage\":\"tr\",\"@id\":\"https:\/\/sefedu.com.tr\/#\/schema\/logo\/image\/\",\"url\":\"https:\/\/sefedu.com.tr\/wp-content\/uploads\/2024\/09\/cropped-SEFAVM.png\",\"contentUrl\":\"https:\/\/sefedu.com.tr\/wp-content\/uploads\/2024\/09\/cropped-SEFAVM.png\",\"width\":512,\"height\":512,\"caption\":\"SEF Education\"},\"image\":{\"@id\":\"https:\/\/sefedu.com.tr\/#\/schema\/logo\/image\/\"},\"sameAs\":[\"https:\/\/www.facebook.com\/profile.php?id=61559411172122\",\"https:\/\/www.instagram.com\/sefeducation\/\"]}]}<\/script>\n<!-- \/ Yoast SEO plugin. -->","yoast_head_json":{"title":"3 Ayl\u0131k Python Kamp\u0131 (10-17 ya\u015f) - SEF Education","robots":{"index":"index","follow":"follow","max-snippet":"max-snippet:-1","max-image-preview":"max-image-preview:large","max-video-preview":"max-video-preview:-1"},"canonical":"https:\/\/sefedu.com.tr\/index.php\/urun\/3-aylik-python-kampi\/","og_locale":"tr_TR","og_type":"article","og_title":"3 Ayl\u0131k Python Kamp\u0131 (10-17 ya\u015f) - SEF Education","og_description":"Bu kurs, \u00e7ocuklar ve gen\u00e7ler i\u00e7in programlamaya e\u011flenceli ve anla\u015f\u0131l\u0131r bir giri\u015f sunuyor. Python programlama dili, basit ve g\u00fc\u00e7l\u00fc yap\u0131s\u0131yla teknolojiye ad\u0131m atmak isteyen herkes i\u00e7in ideal! \ud83d\ude80 Kurs \u0130\u00e7eri\u011fi: Python Temelleri: De\u011fi\u015fkenler, veri tipleri ve temel komutlar ile kodlamaya giri\u015f. \ud83e\udde9 Ko\u015ful \u0130fadeleri (If-Else): Programlar\u0131n mant\u0131ksal ak\u0131\u015f\u0131n\u0131 nas\u0131l kontrol ederiz? \ud83d\udca1 D\u00f6ng\u00fcler (For ve [&hellip;]","og_url":"https:\/\/sefedu.com.tr\/index.php\/urun\/3-aylik-python-kampi\/","og_site_name":"SEF Education","article_publisher":"https:\/\/www.facebook.com\/profile.php?id=61559411172122","article_modified_time":"2024-11-18T19:46:37+00:00","og_image":[{"width":1080,"height":1080,"url":"https:\/\/sefedu.com.tr\/wp-content\/uploads\/2024\/09\/Python_Urun_Kapag.png","type":"image\/png"}],"twitter_card":"summary_large_image","twitter_misc":{"Tahmini okuma s\u00fcresi":"2 dakika"},"schema":{"@context":"https:\/\/schema.org","@graph":[{"@type":"WebPage","@id":"https:\/\/sefedu.com.tr\/index.php\/urun\/3-aylik-python-kampi\/","url":"https:\/\/sefedu.com.tr\/index.php\/urun\/3-aylik-python-kampi\/","name":"3 Ayl\u0131k Python Kamp\u0131 (10-17 ya\u015f) - SEF Education","isPartOf":{"@id":"https:\/\/sefedu.com.tr\/#website"},"primaryImageOfPage":{"@id":"https:\/\/sefedu.com.tr\/index.php\/urun\/3-aylik-python-kampi\/#primaryimage"},"image":{"@id":"https:\/\/sefedu.com.tr\/index.php\/urun\/3-aylik-python-kampi\/#primaryimage"},"thumbnailUrl":"https:\/\/sefedu.com.tr\/wp-content\/uploads\/2024\/09\/Python_Urun_Kapag.png","datePublished":"2024-11-17T11:29:36+00:00","dateModified":"2024-11-18T19:46:37+00:00","breadcrumb":{"@id":"https:\/\/sefedu.com.tr\/index.php\/urun\/3-aylik-python-kampi\/#breadcrumb"},"inLanguage":"tr","potentialAction":[{"@type":"ReadAction","target":["https:\/\/sefedu.com.tr\/index.php\/urun\/3-aylik-python-kampi\/"]}]},{"@type":"ImageObject","inLanguage":"tr","@id":"https:\/\/sefedu.com.tr\/index.php\/urun\/3-aylik-python-kampi\/#primaryimage","url":"https:\/\/sefedu.com.tr\/wp-content\/uploads\/2024\/09\/Python_Urun_Kapag.png","contentUrl":"https:\/\/sefedu.com.tr\/wp-content\/uploads\/2024\/09\/Python_Urun_Kapag.png","width":1080,"height":1080},{"@type":"BreadcrumbList","@id":"https:\/\/sefedu.com.tr\/index.php\/urun\/3-aylik-python-kampi\/#breadcrumb","itemListElement":[{"@type":"ListItem","position":1,"name":"Anasayfa","item":"https:\/\/sefedu.com.tr\/"},{"@type":"ListItem","position":2,"name":"Kurslar","item":"https:\/\/sefedu.com.tr\/index.php\/kurslar\/"},{"@type":"ListItem","position":3,"name":"3 Ayl\u0131k Python Kamp\u0131 (10-17 ya\u015f)"}]},{"@type":"WebSite","@id":"https:\/\/sefedu.com.tr\/#website","url":"https:\/\/sefedu.com.tr\/","name":"SEF Education","description":"\u00c7ocu\u011funuzu gelece\u011fe haz\u0131rlay\u0131n!","publisher":{"@id":"https:\/\/sefedu.com.tr\/#organization"},"potentialAction":[{"@type":"SearchAction","target":{"@type":"EntryPoint","urlTemplate":"https:\/\/sefedu.com.tr\/?s={search_term_string}"},"query-input":{"@type":"PropertyValueSpecification","valueRequired":true,"valueName":"search_term_string"}}],"inLanguage":"tr"},{"@type":"Organization","@id":"https:\/\/sefedu.com.tr\/#organization","name":"SEF Education","url":"https:\/\/sefedu.com.tr\/","logo":{"@type":"ImageObject","inLanguage":"tr","@id":"https:\/\/sefedu.com.tr\/#\/schema\/logo\/image\/","url":"https:\/\/sefedu.com.tr\/wp-content\/uploads\/2024\/09\/cropped-SEFAVM.png","contentUrl":"https:\/\/sefedu.com.tr\/wp-content\/uploads\/2024\/09\/cropped-SEFAVM.png","width":512,"height":512,"caption":"SEF Education"},"image":{"@id":"https:\/\/sefedu.com.tr\/#\/schema\/logo\/image\/"},"sameAs":["https:\/\/www.facebook.com\/profile.php?id=61559411172122","https:\/\/www.instagram.com\/sefeducation\/"]}]}},"yoast_meta":{"yoast_wpseo_title":"","yoast_wpseo_metadesc":"","yoast_wpseo_canonical":""},"_links":{"self":[{"href":"https:\/\/sefedu.com.tr\/index.php\/wp-json\/wp\/v2\/product\/1195","targetHints":{"allow":["GET"]}}],"collection":[{"href":"https:\/\/sefedu.com.tr\/index.php\/wp-json\/wp\/v2\/product"}],"about":[{"href":"https:\/\/sefedu.com.tr\/index.php\/wp-json\/wp\/v2\/types\/product"}],"replies":[{"embeddable":true,"href":"https:\/\/sefedu.com.tr\/index.php\/wp-json\/wp\/v2\/comments?post=1195"}],"wp:featuredmedia":[{"embeddable":true,"href":"https:\/\/sefedu.com.tr\/index.php\/wp-json\/wp\/v2\/media\/1073"}],"wp:attachment":[{"href":"https:\/\/sefedu.com.tr\/index.php\/wp-json\/wp\/v2\/media?parent=1195"}],"wp:term":[{"taxonomy":"product_brand","embeddable":true,"href":"https:\/\/sefedu.com.tr\/index.php\/wp-json\/wp\/v2\/product_brand?post=1195"},{"taxonomy":"product_cat","embeddable":true,"href":"https:\/\/sefedu.com.tr\/index.php\/wp-json\/wp\/v2\/product_cat?post=1195"},{"taxonomy":"product_tag","embeddable":true,"href":"https:\/\/sefedu.com.tr\/index.php\/wp-json\/wp\/v2\/product_tag?post=1195"}],"curies":[{"name":"wp","href":"https:\/\/api.w.org\/{rel}","templated":true}]}}