{"id":963,"date":"2024-09-05T16:24:56","date_gmt":"2024-09-05T16:24:56","guid":{"rendered":"https:\/\/sefedu.com.tr\/?post_type=product&#038;p=963"},"modified":"2024-11-05T22:30:42","modified_gmt":"2024-11-05T19:30:42","slug":"scratch-kursu-7-12-yas","status":"publish","type":"product","link":"https:\/\/sefedu.com.tr\/index.php\/urun\/scratch-kursu-7-12-yas\/","title":{"rendered":"Scratch Kursu (7-12 Ya\u015f)"},"content":{"rendered":"<div class=\"flex-shrink-0 flex flex-col relative items-end\">\n<div>\n<div class=\"pt-0\">\n<div class=\"gizmo-bot-avatar flex h-8 w-8 items-center justify-center overflow-hidden rounded-full\">\n<div class=\"relative p-1 rounded-sm flex items-center justify-center bg-token-main-surface-primary text-token-text-primary h-8 w-8\">\ud83c\udfa8 <strong>Scratch ile Kodlama Maceras\u0131!<\/strong> \ud83d\ude80<\/div>\n<\/div>\n<\/div>\n<\/div>\n<\/div>\n<div class=\"group\/conversation-turn relative flex w-full min-w-0 flex-col agent-turn\">\n<div class=\"flex-col gap-1 md:gap-3\">\n<div class=\"flex max-w-full flex-col flex-grow\">\n<div class=\"min-h-[20px] text-message flex w-full flex-col items-end gap-2 whitespace-normal break-words [.text-message+&amp;]:mt-5 overflow-x-auto\" dir=\"auto\" data-message-author-role=\"assistant\" data-message-id=\"0eef2807-3f65-45ef-a9a1-d37cf93db630\">\n<div class=\"flex w-full flex-col gap-1 empty:hidden first:pt-[3px]\">\n<div class=\"markdown prose w-full break-words dark:prose-invert dark\">\n<p>\u00c7ocuklar i\u00e7in tasarlanm\u0131\u015f Scratch kursumuza ho\u015f geldiniz! Bu kurs, e\u011flenceli ve renkli bir \u015fekilde kodlama \u00f6\u011frenmek isteyenler i\u00e7in harika bir f\u0131rsat sunuyor. \ud83c\udf89<\/p>\n<p>\ud83d\udda5\ufe0f <strong>Kurs \u0130\u00e7eri\u011fi:<\/strong><\/p>\n<ul>\n<li><strong>Temel Kodlama<\/strong>: Bloklarla kolayca program yazmay\u0131 \u00f6\u011frenin! \ud83e\udde9<\/li>\n<li><strong>Animasyonlar ve Oyunlar<\/strong>: Kendi animasyonlar\u0131n\u0131z\u0131 ve oyunlar\u0131n\u0131z\u0131 tasarlay\u0131n! \ud83c\udfae<\/li>\n<li><strong>Yarat\u0131c\u0131l\u0131\u011f\u0131n\u0131z\u0131 Ke\u015ffedin<\/strong>: Hayal g\u00fcc\u00fcn\u00fcz\u00fc kullanarak projeler olu\u015fturun! \ud83c\udf1f<\/li>\n<\/ul>\n<p>\ud83d\udc68\u200d\ud83d\udc69\u200d\ud83d\udc67\u200d\ud83d\udc66 <strong>Kimler Kat\u0131lmal\u0131?<\/strong><\/p>\n<ul>\n<li>7 ya\u015f ve \u00fczeri \u00e7ocuklar<\/li>\n<li>Kodlama ve teknolojiye merakl\u0131 gen\u00e7ler<\/li>\n<\/ul>\n<p>Scratch kursumuzla yarat\u0131c\u0131l\u0131\u011f\u0131n\u0131z\u0131 serbest b\u0131rak\u0131n ve e\u011flenerek \u00f6\u011frenin! \ud83d\ude80\u2728<\/p>\n<\/div>\n<\/div>\n<\/div>\n<\/div>\n<\/div>\n<\/div>\n","protected":false},"excerpt":{"rendered":"<p>\ud83c\udfa8 Scratch ile Kodlama Maceras\u0131! \ud83d\ude80 \u00c7ocuklar i\u00e7in tasarlanm\u0131\u015f Scratch kursumuza ho\u015f geldiniz! Bu kurs, e\u011flenceli ve renkli bir \u015fekilde kodlama \u00f6\u011frenmek isteyenler i\u00e7in harika bir f\u0131rsat sunuyor. \ud83c\udf89 \ud83d\udda5\ufe0f Kurs \u0130\u00e7eri\u011fi: Temel Kodlama: Bloklarla kolayca program yazmay\u0131 \u00f6\u011frenin! \ud83e\udde9 Animasyonlar ve Oyunlar: Kendi animasyonlar\u0131n\u0131z\u0131 ve oyunlar\u0131n\u0131z\u0131 tasarlay\u0131n! \ud83c\udfae Yarat\u0131c\u0131l\u0131\u011f\u0131n\u0131z\u0131 Ke\u015ffedin: Hayal g\u00fcc\u00fcn\u00fcz\u00fc kullanarak projeler [&hellip;]<\/p>\n","protected":false},"featured_media":1062,"comment_status":"open","ping_status":"closed","template":"","meta":[],"product_brand":[],"product_cat":[15],"product_tag":[],"class_list":{"0":"post-963","1":"product","2":"type-product","3":"status-publish","4":"has-post-thumbnail","6":"product_cat-genel","8":"first","9":"instock","10":"sale","11":"taxable","12":"shipping-taxable","13":"purchasable","14":"product-type-variable"},"yoast_head":"<!-- This site is optimized with the Yoast SEO plugin v25.0 - https:\/\/yoast.com\/wordpress\/plugins\/seo\/ -->\n<title>Scratch Kursu (7-12 Ya\u015f) - SEF Education<\/title>\n<meta name=\"robots\" content=\"index, follow, max-snippet:-1, max-image-preview:large, max-video-preview:-1\" \/>\n<link rel=\"canonical\" href=\"https:\/\/sefedu.com.tr\/index.php\/urun\/scratch-kursu-7-10-yas\/\" \/>\n<meta property=\"og:locale\" content=\"tr_TR\" \/>\n<meta property=\"og:type\" content=\"article\" \/>\n<meta property=\"og:title\" content=\"Scratch Kursu (7-12 Ya\u015f) - SEF Education\" \/>\n<meta property=\"og:description\" content=\"\ud83c\udfa8 Scratch ile Kodlama Maceras\u0131! \ud83d\ude80 \u00c7ocuklar i\u00e7in tasarlanm\u0131\u015f Scratch kursumuza ho\u015f geldiniz! Bu kurs, e\u011flenceli ve renkli bir \u015fekilde kodlama \u00f6\u011frenmek isteyenler i\u00e7in harika bir f\u0131rsat sunuyor. \ud83c\udf89 \ud83d\udda5\ufe0f Kurs \u0130\u00e7eri\u011fi: Temel Kodlama: Bloklarla kolayca program yazmay\u0131 \u00f6\u011frenin! \ud83e\udde9 Animasyonlar ve Oyunlar: Kendi animasyonlar\u0131n\u0131z\u0131 ve oyunlar\u0131n\u0131z\u0131 tasarlay\u0131n! \ud83c\udfae Yarat\u0131c\u0131l\u0131\u011f\u0131n\u0131z\u0131 Ke\u015ffedin: Hayal g\u00fcc\u00fcn\u00fcz\u00fc kullanarak projeler [&hellip;]\" \/>\n<meta property=\"og:url\" content=\"https:\/\/sefedu.com.tr\/index.php\/urun\/scratch-kursu-7-10-yas\/\" \/>\n<meta property=\"og:site_name\" content=\"SEF Education\" \/>\n<meta property=\"article:publisher\" content=\"https:\/\/www.facebook.com\/profile.php?id=61559411172122\" \/>\n<meta property=\"article:modified_time\" content=\"2024-11-05T19:30:42+00:00\" \/>\n<meta name=\"twitter:card\" content=\"summary_large_image\" \/>\n<script type=\"application\/ld+json\" class=\"yoast-schema-graph\">{\"@context\":\"https:\/\/schema.org\",\"@graph\":[{\"@type\":\"WebPage\",\"@id\":\"https:\/\/sefedu.com.tr\/index.php\/urun\/scratch-kursu-7-10-yas\/\",\"url\":\"https:\/\/sefedu.com.tr\/index.php\/urun\/scratch-kursu-7-10-yas\/\",\"name\":\"Scratch Kursu (7-12 Ya\u015f) - SEF Education\",\"isPartOf\":{\"@id\":\"https:\/\/sefedu.com.tr\/#website\"},\"primaryImageOfPage\":{\"@id\":\"https:\/\/sefedu.com.tr\/index.php\/urun\/scratch-kursu-7-10-yas\/#primaryimage\"},\"image\":{\"@id\":\"https:\/\/sefedu.com.tr\/index.php\/urun\/scratch-kursu-7-10-yas\/#primaryimage\"},\"thumbnailUrl\":\"https:\/\/sefedu.com.tr\/wp-content\/uploads\/2024\/09\/scratch-1024x1024-1.jpg\",\"datePublished\":\"2024-09-05T16:24:56+00:00\",\"dateModified\":\"2024-11-05T19:30:42+00:00\",\"breadcrumb\":{\"@id\":\"https:\/\/sefedu.com.tr\/index.php\/urun\/scratch-kursu-7-10-yas\/#breadcrumb\"},\"inLanguage\":\"tr\",\"potentialAction\":[{\"@type\":\"ReadAction\",\"target\":[\"https:\/\/sefedu.com.tr\/index.php\/urun\/scratch-kursu-7-10-yas\/\"]}]},{\"@type\":\"ImageObject\",\"inLanguage\":\"tr\",\"@id\":\"https:\/\/sefedu.com.tr\/index.php\/urun\/scratch-kursu-7-10-yas\/#primaryimage\",\"url\":\"https:\/\/sefedu.com.tr\/wp-content\/uploads\/2024\/09\/scratch-1024x1024-1.jpg\",\"contentUrl\":\"https:\/\/sefedu.com.tr\/wp-content\/uploads\/2024\/09\/scratch-1024x1024-1.jpg\",\"width\":1024,\"height\":1024},{\"@type\":\"BreadcrumbList\",\"@id\":\"https:\/\/sefedu.com.tr\/index.php\/urun\/scratch-kursu-7-10-yas\/#breadcrumb\",\"itemListElement\":[{\"@type\":\"ListItem\",\"position\":1,\"name\":\"Anasayfa\",\"item\":\"https:\/\/sefedu.com.tr\/\"},{\"@type\":\"ListItem\",\"position\":2,\"name\":\"Kurslar\",\"item\":\"https:\/\/sefedu.com.tr\/index.php\/kurslar\/\"},{\"@type\":\"ListItem\",\"position\":3,\"name\":\"Scratch Kursu (7-10 Ya\u015f)\"}]},{\"@type\":\"WebSite\",\"@id\":\"https:\/\/sefedu.com.tr\/#website\",\"url\":\"https:\/\/sefedu.com.tr\/\",\"name\":\"SEF Education\",\"description\":\"\u00c7ocu\u011funuzu gelece\u011fe haz\u0131rlay\u0131n!\",\"publisher\":{\"@id\":\"https:\/\/sefedu.com.tr\/#organization\"},\"potentialAction\":[{\"@type\":\"SearchAction\",\"target\":{\"@type\":\"EntryPoint\",\"urlTemplate\":\"https:\/\/sefedu.com.tr\/?s={search_term_string}\"},\"query-input\":{\"@type\":\"PropertyValueSpecification\",\"valueRequired\":true,\"valueName\":\"search_term_string\"}}],\"inLanguage\":\"tr\"},{\"@type\":\"Organization\",\"@id\":\"https:\/\/sefedu.com.tr\/#organization\",\"name\":\"SEF Education\",\"url\":\"https:\/\/sefedu.com.tr\/\",\"logo\":{\"@type\":\"ImageObject\",\"inLanguage\":\"tr\",\"@id\":\"https:\/\/sefedu.com.tr\/#\/schema\/logo\/image\/\",\"url\":\"https:\/\/sefedu.com.tr\/wp-content\/uploads\/2024\/09\/cropped-SEFAVM.png\",\"contentUrl\":\"https:\/\/sefedu.com.tr\/wp-content\/uploads\/2024\/09\/cropped-SEFAVM.png\",\"width\":512,\"height\":512,\"caption\":\"SEF Education\"},\"image\":{\"@id\":\"https:\/\/sefedu.com.tr\/#\/schema\/logo\/image\/\"},\"sameAs\":[\"https:\/\/www.facebook.com\/profile.php?id=61559411172122\",\"https:\/\/www.instagram.com\/sefeducation\/\"]}]}<\/script>\n<!-- \/ Yoast SEO plugin. -->","yoast_head_json":{"title":"Scratch Kursu (7-12 Ya\u015f) - SEF Education","robots":{"index":"index","follow":"follow","max-snippet":"max-snippet:-1","max-image-preview":"max-image-preview:large","max-video-preview":"max-video-preview:-1"},"canonical":"https:\/\/sefedu.com.tr\/index.php\/urun\/scratch-kursu-7-10-yas\/","og_locale":"tr_TR","og_type":"article","og_title":"Scratch Kursu (7-12 Ya\u015f) - SEF Education","og_description":"\ud83c\udfa8 Scratch ile Kodlama Maceras\u0131! \ud83d\ude80 \u00c7ocuklar i\u00e7in tasarlanm\u0131\u015f Scratch kursumuza ho\u015f geldiniz! Bu kurs, e\u011flenceli ve renkli bir \u015fekilde kodlama \u00f6\u011frenmek isteyenler i\u00e7in harika bir f\u0131rsat sunuyor. \ud83c\udf89 \ud83d\udda5\ufe0f Kurs \u0130\u00e7eri\u011fi: Temel Kodlama: Bloklarla kolayca program yazmay\u0131 \u00f6\u011frenin! \ud83e\udde9 Animasyonlar ve Oyunlar: Kendi animasyonlar\u0131n\u0131z\u0131 ve oyunlar\u0131n\u0131z\u0131 tasarlay\u0131n! \ud83c\udfae Yarat\u0131c\u0131l\u0131\u011f\u0131n\u0131z\u0131 Ke\u015ffedin: Hayal g\u00fcc\u00fcn\u00fcz\u00fc kullanarak projeler [&hellip;]","og_url":"https:\/\/sefedu.com.tr\/index.php\/urun\/scratch-kursu-7-10-yas\/","og_site_name":"SEF Education","article_publisher":"https:\/\/www.facebook.com\/profile.php?id=61559411172122","article_modified_time":"2024-11-05T19:30:42+00:00","twitter_card":"summary_large_image","schema":{"@context":"https:\/\/schema.org","@graph":[{"@type":"WebPage","@id":"https:\/\/sefedu.com.tr\/index.php\/urun\/scratch-kursu-7-10-yas\/","url":"https:\/\/sefedu.com.tr\/index.php\/urun\/scratch-kursu-7-10-yas\/","name":"Scratch Kursu (7-12 Ya\u015f) - SEF Education","isPartOf":{"@id":"https:\/\/sefedu.com.tr\/#website"},"primaryImageOfPage":{"@id":"https:\/\/sefedu.com.tr\/index.php\/urun\/scratch-kursu-7-10-yas\/#primaryimage"},"image":{"@id":"https:\/\/sefedu.com.tr\/index.php\/urun\/scratch-kursu-7-10-yas\/#primaryimage"},"thumbnailUrl":"https:\/\/sefedu.com.tr\/wp-content\/uploads\/2024\/09\/scratch-1024x1024-1.jpg","datePublished":"2024-09-05T16:24:56+00:00","dateModified":"2024-11-05T19:30:42+00:00","breadcrumb":{"@id":"https:\/\/sefedu.com.tr\/index.php\/urun\/scratch-kursu-7-10-yas\/#breadcrumb"},"inLanguage":"tr","potentialAction":[{"@type":"ReadAction","target":["https:\/\/sefedu.com.tr\/index.php\/urun\/scratch-kursu-7-10-yas\/"]}]},{"@type":"ImageObject","inLanguage":"tr","@id":"https:\/\/sefedu.com.tr\/index.php\/urun\/scratch-kursu-7-10-yas\/#primaryimage","url":"https:\/\/sefedu.com.tr\/wp-content\/uploads\/2024\/09\/scratch-1024x1024-1.jpg","contentUrl":"https:\/\/sefedu.com.tr\/wp-content\/uploads\/2024\/09\/scratch-1024x1024-1.jpg","width":1024,"height":1024},{"@type":"BreadcrumbList","@id":"https:\/\/sefedu.com.tr\/index.php\/urun\/scratch-kursu-7-10-yas\/#breadcrumb","itemListElement":[{"@type":"ListItem","position":1,"name":"Anasayfa","item":"https:\/\/sefedu.com.tr\/"},{"@type":"ListItem","position":2,"name":"Kurslar","item":"https:\/\/sefedu.com.tr\/index.php\/kurslar\/"},{"@type":"ListItem","position":3,"name":"Scratch Kursu (7-10 Ya\u015f)"}]},{"@type":"WebSite","@id":"https:\/\/sefedu.com.tr\/#website","url":"https:\/\/sefedu.com.tr\/","name":"SEF Education","description":"\u00c7ocu\u011funuzu gelece\u011fe haz\u0131rlay\u0131n!","publisher":{"@id":"https:\/\/sefedu.com.tr\/#organization"},"potentialAction":[{"@type":"SearchAction","target":{"@type":"EntryPoint","urlTemplate":"https:\/\/sefedu.com.tr\/?s={search_term_string}"},"query-input":{"@type":"PropertyValueSpecification","valueRequired":true,"valueName":"search_term_string"}}],"inLanguage":"tr"},{"@type":"Organization","@id":"https:\/\/sefedu.com.tr\/#organization","name":"SEF Education","url":"https:\/\/sefedu.com.tr\/","logo":{"@type":"ImageObject","inLanguage":"tr","@id":"https:\/\/sefedu.com.tr\/#\/schema\/logo\/image\/","url":"https:\/\/sefedu.com.tr\/wp-content\/uploads\/2024\/09\/cropped-SEFAVM.png","contentUrl":"https:\/\/sefedu.com.tr\/wp-content\/uploads\/2024\/09\/cropped-SEFAVM.png","width":512,"height":512,"caption":"SEF Education"},"image":{"@id":"https:\/\/sefedu.com.tr\/#\/schema\/logo\/image\/"},"sameAs":["https:\/\/www.facebook.com\/profile.php?id=61559411172122","https:\/\/www.instagram.com\/sefeducation\/"]}]}},"yoast_meta":{"yoast_wpseo_title":"","yoast_wpseo_metadesc":"","yoast_wpseo_canonical":""},"_links":{"self":[{"href":"https:\/\/sefedu.com.tr\/index.php\/wp-json\/wp\/v2\/product\/963","targetHints":{"allow":["GET"]}}],"collection":[{"href":"https:\/\/sefedu.com.tr\/index.php\/wp-json\/wp\/v2\/product"}],"about":[{"href":"https:\/\/sefedu.com.tr\/index.php\/wp-json\/wp\/v2\/types\/product"}],"replies":[{"embeddable":true,"href":"https:\/\/sefedu.com.tr\/index.php\/wp-json\/wp\/v2\/comments?post=963"}],"wp:featuredmedia":[{"embeddable":true,"href":"https:\/\/sefedu.com.tr\/index.php\/wp-json\/wp\/v2\/media\/1062"}],"wp:attachment":[{"href":"https:\/\/sefedu.com.tr\/index.php\/wp-json\/wp\/v2\/media?parent=963"}],"wp:term":[{"taxonomy":"product_brand","embeddable":true,"href":"https:\/\/sefedu.com.tr\/index.php\/wp-json\/wp\/v2\/product_brand?post=963"},{"taxonomy":"product_cat","embeddable":true,"href":"https:\/\/sefedu.com.tr\/index.php\/wp-json\/wp\/v2\/product_cat?post=963"},{"taxonomy":"product_tag","embeddable":true,"href":"https:\/\/sefedu.com.tr\/index.php\/wp-json\/wp\/v2\/product_tag?post=963"}],"curies":[{"name":"wp","href":"https:\/\/api.w.org\/{rel}","templated":true}]}}